hat are the prime factors of l?
2, 3, 5, 11
Suppose -9059 - 1825 = -2*n. Suppose 7*w - 2*v = 3*w + n, w + 3*v - 1343 = 0. List the prime factors of w.
2, 7, 97
List the prime factors of ((-24)/(-4) - 46112/(-48))*3.
2, 5, 29
Let h = -393 + 705. Suppose 5*p - b + 42 - h = 0, 4*p = -4*b + 192. List the prime factors of p.
53
Let k(u) = 38*u - 258. Let s be k(9). Let j be (-2)/8 + 441/(-12). Let l = j + s. What are the prime factors of l?
47
Let t(r) = 2*r**2 - 3*r - 16. Let v be 2 - 4*((-10)/4)/(-5). Let n = v - -8. List the prime factors of t(n).
2, 11
Suppose 0 = -12*n + 29*n + 68. What are the prime factors of 5/1*((-656)/n - -3)?
5, 167
Suppose h = 5*d - 165192, -5*d + 2*h + 3*h + 165160 = 0. What are the prime factors of d?
2, 5, 7, 59
Suppose 0 = -j - 4*r + 71, j + 6*r - 64 = 9*r. Suppose -64*k = -j*k + 48. List the prime factors of k.
2
Let w be (4/(-7))/((-138)/(-42) + -3). What are the prime factors of (-44)/(-16) + w - (-1911)/12?
2, 5
Suppose -2*s + 7*s - 2050 = 0. Suppose 14*c = 4*c + s. Let g = 163 + c. What are the prime factors of g?
2, 3, 17
Suppose 4*r - 115405 = -3*f, 5*r - 83197 - 61073 = -f. List the prime factors of r.
5, 29, 199
Let k = 212 - 49. Let p = -19 + k. Let v = p - 79. List the prime factors of v.
5, 13
Suppose -54*d + 34*d + 302360 = 0. What are the prime factors of d?
2, 7559
Suppose -41*r + 36680 = -2210858. What are the prime factors of r?
2, 27409
Let v be ((-5)/(5/(-14)))/2. Let g(h) = -59*h + 413. Let k be g(7). Suppose v*w - 148 - 125 = k. What are the prime factors of w?
3, 13
Suppose -4*c = 3*g + 20, 0 = 5*c + 2*g + 2 + 23. Let t be 4/2*(c - -7). Suppose t*l = -3*x + 25, 0*x - 13 = -l - 3*x. What are the prime factors of l?
2
List the prime factors of (200/(-45))/(172/(-277866)).
2, 5, 359
Suppose -26*m = -157011 + 2363. What are the prime factors of m?
2, 1487
Let s(i) = 2*i + 9. Let v(z) = 5*z + 19. Let g(w) = 13*s(w) - 6*v(w). What are the prime factors of g(-29)?
7, 17
Let i(c) be the third derivative of -13*c**4/6 + 7*c**3/6 + 11*c**2. Let y be i(-3). Suppose -5*d = -4*a + y, -a + 2*d + 82 = a. List the prime factors of a.
2, 3, 7
Let o = 1305 + -89. Suppose -5*f + f + o = 0. What are the prime factors of f?
2, 19
Suppose 4*s + 21 = -19. Let w(o) = 3*o + 32. Let v be w(s). Suppose 5*b - v*d = 461, -5*b + 3*d + 231 = -228. What are the prime factors of b?
3, 31
Let g(x) = -66*x - 8. Let d be g(-1). Suppose 4*y - 42 = -3*o, -5*y - 3*o = -2*o - d. What are the prime factors of y?
2, 3
Let i be ((1026/12)/(-19))/(6/(-40)). Let j be (-1 - 4)*(-1)/(-1). List the prime factors of 59 + (i/j - -2).
5, 11
Let y be (15 + 2)/((-138)/70 + 2). Suppose -10*w + 5*w = -y. Suppose 5*h + w - 764 = 0. What are the prime factors of h?
3, 43
Suppose 5*g = -11*g - 5744. Let y = g + 541. List the prime factors of y.
2, 7, 13
Let v = 137 + 855. What are the prime factors of v?
2, 31
Let t(k) = 5*k**2 + 10*k + 3. Let n = 51 + -39. Let x be (-1 + -2)*16/n. List the prime factors of t(x).
43
Let i(r) = 4*r + 56. Let s be i(-12). Suppose -791 + 4151 = s*f. List the prime factors of f.
2, 3, 5, 7
Let h be (-1)/(-3) - (0 + 52/12). What are the prime factors of (h - -4) + 103 - -1?
2, 13
Let h(v) = 56*v**2 - 16*v + 12. Let r be h(6). Let q = 906 - r. What are the prime factors of q/(-8) + 2/(-8)?
2
Let j(g) = -5*g + 2. Let y be j(0). Suppose y*t - 404 = c - 2*c, 400 = 2*t + 2*c. Suppose -r + t = 126. What are the prime factors of r?
2, 3, 13
Suppose 316*f - 24651 = 217*f. What are the prime factors of f?
3, 83
Suppose 5*i + 4*o = 136, i - 35 + 5 = 2*o. Let a(h) = -6 - i*h + 4 + 11. What are the prime factors of a(-5)?
149
Let w(d) = 3*d**2 - 2*d - 91. Let l be w(-8). Suppose -121*q = -118*q - l. List the prime factors of q.
3, 13
Suppose -3 - 3 = -2*m. Suppose -2*c - 3051 = -5*h, 0 = -4*h + m*h - 4*c + 597. Suppose -2*t - 5*t = -h. List the prime factors of t.
3, 29
Let j = 26705 - -13015. What are the prime factors of j?
2, 3, 5, 331
Let h(c) = c**3 + c**2. Suppose 6*s + 9 = -3*s. Let k(t) = t**3 + 5*t**2 - 2*t + 13. Let o(q) = s*k(q) + 2*h(q). List the prime factors of o(5).
47
Let p(f) = f**2 - 27*f - 59. Let a be p(29). What are the prime factors of 6*a/(-1)*8618/93?
2, 139
What are the prime factors of (7 + -8)*(-2894 - -3)?
7, 59
Let z(l) = l**2 + 13*l + 33. Let q be z(-10). Suppose 0*d + 2*p - q = d, d + 2*p = 9. Suppose -d*b - 27 = -165. List the prime factors of b.
2, 23
Let y(s) = -17*s**3 - 14*s**2 - 15*s + 1. Let f be y(-3). Let m = 58 + f. List the prime factors of m.
19, 23
Let f be 0/((-11)/(55/10)). Suppose f = 9*k + 6*k - 10980. What are the prime factors of k?
2, 3, 61
Suppose 7*j - 50 = -1. Suppose 3*s - 964 = j*s. Let b = 493 + s. List the prime factors of b.
2, 3, 7
Suppose -4*d + 492 = -5*n + 64, -2*d + 4*n + 208 = 0. Let c = -21 + 28. Let s = c + d. What are the prime factors of s?
7, 17
Let u(r) = -7*r + 32. Suppose -3*c - 3*g = -7*g - 5, -3*c + 3*g + 3 = 0. Let i be 2 + c - 77/7. List the prime factors of u(i).
2, 3, 17
Let c be (-7 + 4 - -4)*(5 + -2). Suppose -658 = -c*m - 7. List the prime factors of m.
7, 31
Let c be (-4)/14 - ((-688)/56 - -7). Suppose 2*u + 135*g = 131*g + 526, -2*g + 1323 = c*u. What are the prime factors of u?
5, 53
Suppose -13*p = -32*p + 506160. What are the prime factors of p?
2, 3, 5, 37
Let p(n) = n**3 + 14*n**2 - 13. Let i be p(-7). Suppose -5*u - 26*z + 330 = -30*z, 5*u - i = -z. What are the prime factors of u?
2, 3, 11
Let d(h) = 2*h**3 + 3*h**2 - h - 2. Suppose 4*y - 10 = 6. Suppose y*r - 12 = -0*r. What are the prime factors of d(r)?
2, 19
Suppose 0 = -649*a + 20860104 + 10338200 - 6324081. List the prime factors of a.
38327
Suppose -230 = -5*j - 5*z + 2*z, 4*j = -z + 177. Let f = -9 - 0. What are the prime factors of f/(-3) + j - -1?
47
What are the prime factors of (-158280)/(-14) + ((-1160)/140)/(-29)?
2, 5653
Suppose -2*p = 1 - 3. Let a be 34 - p/(-2)*4. Let l = 84 - a. What are the prime factors of l?
2, 3
Let q(p) = 26*p**2 - 9*p - 31. Let k(u) = 129*u**2 - 47*u - 157. Let h(s) = -2*k(s) + 11*q(s). List the prime factors of h(-8).
5, 19
Let w be 14 - 13 - -7*1. Suppose -28 = 9*n + w. Let l(j) = -j**3 - 3*j**2 - 7*j + 9. What are the prime factors of l(n)?
53
Suppose -22*j + 42 = -16*j. Let r(f) = 33*f + 138. List the prime factors of r(j).
3, 41
Suppose 12*o - 145919 = -12*o + 574177. List the prime factors of o.
2, 13, 577
Let r(f) = 2*f**2 + 15*f - 34. Let q be r(40). Suppose 0*v + 2*v - 9408 = -5*x, 0 = -2*x + 2*v + q. What are the prime factors of x?
2, 941
Suppose -3*v - 43*l = -38*l - 2796, 3*v - 2793 = -4*l. What are the prime factors of v?
3, 103
Let x(c) = -22914*c - 6538. What are the prime factors of x(-2)?
2, 5, 3929
Let q = 15365 + -8265. List the prime factors of q.
2, 5, 71
Let q = 17 - 0. Let r = -13 + q. Suppose 180 = 4*y - z - 13, r*y + 3*z = 189. What are the prime factors of y?
2, 3
Suppose -6667 = -5*c - 7*h + 10412, -3*h = -c + 3407. List the prime factors of c.
3413
Suppose -m + 4*c = -14654, -248*m - 58556 = -252*m - 4*c. What are the prime factors of m?
2, 7321
Suppose -k = 3*x - 2630 - 105, -5*k + x = -13595. Suppose -26*g = -18*g - k. List the prime factors of g.
2, 5, 17
Suppose 239 = 5*y - 191. Suppose 5*z + 1 = y. Suppose 0 = -z*x + 20*x - 462. List the prime factors of x.
2, 7, 11
Let p be 66/121 + 7826/11. Suppose p = 3*b + 2*i - 556, 0 = 2*b - 5*i - 820. What are the prime factors of b?
2, 3, 5, 7
Suppose -f = 4*i - 22, 0 = -f - 0*f + 4*i - 18. Let j = 165 - -42. Suppose -2*t + 62 = x, f*x + x - t = j. What are the prime factors of x?
2, 17
Let w = 246 - 122. Suppose -w + 6 = -k. Suppose -4*n + k = 26. What are the prime factors of n?
23
Let v(z) be the third derivative of 0 + 5/8*z**4 + 0*z + 9*z**2 - 2*z**3. What are the prime factors of v(14)?
2, 3, 11
Suppose 0 = -u + 2*u - 3. Suppose 9*z = u*z - 624. Let q = 270 + z. List the prime factors of q.
2, 83
Let q(j) be the second derivative of -j**5/4 + j**4/6 + j**3/6 + j**2 + 42*j. List the prime factors of q(-2).
2, 3
Let j = 699 + -697. Suppose 4*b - 2184 = -j*x, -4*x + b + 4344 = -3*b. What are the prime factors of x?
2, 17
Suppose 2*q + 933 = -4*x + q, -951 = 4*x - 5*q. Let d = 451 + x. What are the prime factors of d?
7, 31
Let u = 51 - 47. Suppose -1272 = -u*r + 5*p, -436 